-3) - (8 - 6))*123. Let u = 427 + q. Suppose 5*k = -5, -4*z + u = k - 136. What is the highest common factor of 40 and z?
20
Suppose 0 = 2*r - 5*n + 310, -4*r + 2*n - 139 = 497. Let s = -76 - r. Calculate the greatest common divisor of s and 21.
21
Let g = 31 - 28. Let h = 52 + -49. Suppose 2*w + g*f - 16 = w, 0 = 3*w + h*f - 42. What is the highest common factor of 26 and w?
13
Let o = -3 - -6. Let q = 140 - -24. Suppose 0 = -q*r + 168*r - 108. Calculate the greatest common divisor of r and o.
3
Let u = -10070 + 10194. What is the highest common divisor of 26 and u?
2
Let l(r) = 4*r + 32. Let m be l(-7). Let f be (m + -6)*(-10)/4. Suppose -80 = -f*n - 3*n. What is the greatest common divisor of n and 90?
10
Suppose 2*p - p - 1438 = -3*o, p + 1436 = 3*o. Suppose 9*w - o - 781 = 0. Calculate the highest common divisor of w and 28.
28
Let n = -3237 + 3642. What is the highest common divisor of 45 and n?
45
Let d(q) = 607*q + 63. Let w be d(0). Calculate the highest common factor of w and 11235.
21
Let u(q) = 2*q**2 + 9*q - 6. Let a be u(-6). Let k be (22/a)/((-3)/(-18)). What is the greatest common factor of 11 and k?
11
Suppose 980 = 420*r - 406*r. What is the highest common factor of 378 and r?
14
Suppose 52*k - 49*k = -4*m + 6256, 3*m = -2*k + 4692. Calculate the highest common factor of 368 and m.
92
Suppose -5*m - 3*m = -135 + 31. Let u(y) = -3*y - 2. Suppose 0 = 3*f + 3 + 12. Let d be u(f). What is the highest common factor of m and d?
13
Let g = -52 + 62. Suppose 2*r - 25 = -g*b + 7*b, 2*b = -2. What is the highest common factor of r and 35?
7
Let x be ((-18)/10)/(112/45248*(-24)/10). What is the highest common factor of 6464 and x?
101
Suppose 1 = 3*j - 5. Let s be j*3*(-276)/(-9). Suppose -4945 = -455*q + 240*q. What is the greatest common factor of s and q?
23
Let k(z) = 9*z + 5. Let r be k(4). Let g be -12 - (-290 + 19 - 28). What is the highest common factor of r and g?
41
Suppose -2*c = -3*p + 785, -5*p - 2*c + 1384 = 97. Suppose 0 = 49*g - 53*g + 5*q + 158, -3*q - 117 = -3*g. Calculate the highest common factor of p and g.
37
Suppose 2*i = -4*a + 2816, -7*a - 5*i + 2792 = -3*a. Calculate the greatest common divisor of a and 192.
12
Suppose 0 = -11*z + 10*z + 4. Suppose z = -7*w + 60. Suppose -39 = -w*i + 81. Calculate the greatest common factor of i and 5.
5
Let o be (777/(-84))/(2/(-8)). Let s = 688 - 355. What is the highest common divisor of s and o?
37
Let w be 10/8 - ((-42)/(-4))/(714/(-144347)). What is the greatest common divisor of w and 198?
18
Suppose -2*o + 6 + 4 = 0. Suppose 4*g + o*x - 21 = 0, 2*g + 3*x - 18 = -x. Let h be (-1 + g/(-2) - 0)*-4. What is the highest common divisor of 6 and h?
2
Let w be 121 + ((-8)/4 - 0). Suppose -2*m = 2*m + 3*q - 163, q = 3*m - w. Let i = 168 - 158. What is the greatest common divisor of m and i?
10
Suppose 5*a = 9*a - 4. Let u(l) = l**2 - 71*l - 1328. Let m be u(87). Calculate the greatest common factor of m and a.
1
Let g = -62 - -107. Suppose -4*c + x = -8, -8*c - 10 = -6*c - 4*x. Suppose -d + 2*z = c*d - 58, 2*z + 13 = d. Calculate the greatest common divisor of d and g.
15
Let m = -32 - -46. Let p(n) = -6*n + m*n + n + 0*n. Let o be p(3). What is the greatest common factor of o and 9?
9
Suppose 12*s + 916 = 4936. Let o = 412 - s. What is the highest common divisor of 847 and o?
77
Suppose 220*p = 192420 + 25820. Calculate the highest common divisor of 6076 and p.
124
Let g be -1*1/2 + (-60404)/(-8). Calculate the highest common divisor of g and 150.
50
Let y = -128 - -369. Suppose -y*n + 236*n = -555. Calculate the highest common divisor of 74 and n.
37
Let c = 7447 + -7383. Calculate the greatest common factor of c and 244.
4
Suppose -20*r + 441 = -79. Suppose -55*o + r*o = -8990. What is the greatest common divisor of 10 and o?
10
Suppose 0 = 36*m - 41*m - 105. Let o = 28 + m. Calculate the highest common divisor of o and 161.
7
Let x(t) = -2 - 2*t + 89 + 2*t - 7*t + t. Let b be x(2). Calculate the greatest common divisor of b and 345.
15
Suppose -38*c = -13 - 139. Suppose -2*k = c*d - 6*d - 1564, -2349 = -3*k + 4*d. What is the greatest common factor of k and 19?
19
Suppose -1792 = -26*b + 13*b - 388. What is the highest common factor of b and 3942?
54
Let s = 2393 + -2387. Let j(b) = -2*b**2 + 3*b + 4. Let h be j(3). Let y = h - -47. Calculate the greatest common factor of y and s.
6
Suppose -9*l - 7*l = -112. Suppose -l - 11 = -6*g. Let q(t) = t**2 + 11*t + 2. Let b be q(-11). What is the highest common factor of b and g?
1
Let x = 690 + -264. Let t = x + -258. Calculate the highest common factor of t and 126.
42
Let h = -30 + 35. Suppose h*p - 1414 = 2*o, -2*p + 794 = -3*o - 1316. Let l be ((-4)/3)/1*o/12. Calculate the greatest common factor of l and 52.
26
Suppose -3*r - 55*r = 5*r - 17577. Calculate the highest common divisor of r and 26505.
279
Suppose 3*s + 3*t - 2019 = 0, 5*s - 1238 - 2118 = -2*t. Calculate the highest common divisor of s and 20.
10
Let w be (-495)/126 + (-3)/42 - 2*-53. Calculate the highest common divisor of w and 54.
6
Suppose 71*i + 72*i = 1716. Calculate the greatest common divisor of i and 6828.
12
Let m be (-92)/414 - (-292)/18. Suppose -93*i = -97*i + m. What is the highest common divisor of 3 and i?
1
Let n(i) = i**2 - 12*i - 54. Let y be n(16). Let w(c) = 28*c - 4. Suppose -12 = 2*h - 6*h. Let q be w(h). What is the greatest common divisor of y and q?
10
Let q be (1/(-3))/(12/(-288)). Let b be ((-195)/(-52))/(1/q). What is the highest common divisor of 210 and b?
30
Let f(n) = 66*n**3 + 20*n**2 - 34*n - 13. Let s be f(2). Calculate the highest common factor of s and 124.
31
Suppose 0 = -14*u - 638 + 988. What is the greatest common divisor of 11225 and u?
25
Let b be ((-3)/(-1))/(51/(-5270)). Let p = b - -544. What is the greatest common divisor of p and 26?
26
Let w(g) = -100*g**2 - 2*g - 2. Let j be w(-1). Let d = j + 183. Suppose d = 8*r - 229. What is the greatest common divisor of 13 and r?
13
Let b = 46 - 41. Suppose -b*c - 150 = -60. Let t be (-3 - -1)/(((-120)/c)/(-10)). What is the highest common factor of t and 12?
3
Let d(f) = -f**3 - 19*f**2 - 3*f + 97. Let l be d(-19). What is the greatest common divisor of 5016 and l?
22
Suppose -2*x = 0, 5*s = -5*x - 88 - 67. Let r = 79 + s. What is the highest common factor of 16 and r?
16
Let j = -11866 - -11881. Let h = 173 + -113. What is the highest common divisor of j and h?
15
Let k(i) = -i**2 - 10*i + 40. Let x be 2 + 186/(-15) + (-14)/(-35). Let z be k(x). Calculate the greatest common divisor of z and 40.
40
Suppose 33*f = -2*g + 31*f + 20656, 5*g - 2*f - 51619 = 0. Calculate the greatest common divisor of g and 25.
25
Suppose 127*w - 26492 = -52*w. What is the highest common factor of 34 and w?
2
Let s(w) = 2*w. Let z be s(4). Suppose -4*o - 4*y + 228 = 0, -122*o = -125*o + y + 199. What is the highest common factor of z and o?
8
Let t(s) = -s**2 + 110*s - 648. Let j be t(103). What is the greatest common divisor of 36500 and j?
73
Suppose 5*g + 3*u - 133 = -u, -u = 2*g - 52. Suppose g*k = -7125 + 18875. Calculate the highest common factor of 47 and k.
47
Let d(g) = g**2 - 13*g - 522. Let j(y) = -3*y**2 + 26*y + 1041. Let z(p) = -5*d(p) - 2*j(p). Let o be z(0). Calculate the highest common divisor of o and 32.
16
Suppose 6*r + 96 = 14*r. Suppose r*f - 1907 = 1513. What is the greatest common factor of 15 and f?
15
Let d(f) be the third derivative of -f**4/24 + 45*f**3/2 - 25*f**2 + 2. Let b be d(25). Let g = -9 - -31. Calculate the greatest common factor of g and b.
22
Let l be ((-10395)/(-210))/((-1)/(-64)). Calculate the highest common divisor of 33 and l.
33
Suppose 3*y = 11 - 5. Let k(w) = 4 + w**y + 3 - 6 + 1 - 2*w. Let b be k(6). Calculate the greatest common divisor of 65 and b.
13
Let v = -3806 - -10274. Calculate the greatest common factor of v and 24.
12
Suppose 4*n = s - 20, 2*s - 3*n = -n + 10. Suppose -5*j - 5*q + 40 = 0, -5*q + 2 + 8 = s. Let x = -4068 - -4104. What is the highest common divisor of x and j?
6
Suppose -7*c + 13*c + 10*c = 0. Suppose s - x - 307 = c, -5*s - x + 1483 = -34. Calculate the greatest common factor of s and 38.
38
Let z = 96 - 99. Let n be ((-5)/(-15))/(z*(-3)/135). Let r be 10/(51/9 - 5). Calculate the highest common divisor of n and r.
